970. What is g(21)?
-109
Let l(r) = -r**3 + 32*r**2 + 375*r - 58. Give l(41).
188
Let d(p) = -102*p**2 - 4215*p - 79. Determine d(-41).
1274
Let k(d) = -1356*d - 172. Give k(1).
-1528
Let t(i) = 60*i - 3122. Calculate t(46).
-362
Let j(y) = -5366*y - 134286. Calculate j(-25).
-136
Let i(u) = u**3 - 22*u**2 - 367*u + 8138. Calculate i(20).
-2
Let z(g) = g**2 + 66*g + 38. Give z(-45).
-907
Let d(f) = f**3 + 55*f**2 - 46068*f - 9078. What is d(189)?
-6
Let j(i) = -4*i**2 + 267*i + 2145. What is j(73)?
320
Let y(l) = l**3 - 66*l**2 - 309*l + 2077. Give y(70).
47
Let p(w) = -w**2 + 48*w + 1870. Determine p(-23).
237
Let d(a) = -259*a - 107750. Give d(-416).
-6
Let g(q) = -q**3 - 498*q**2 + 35939*q - 16316. Determine g(-562).
-18
Let q(v) = -3*v**2 + 1951*v + 9802. Calculate q(-5).
-28
Let g(j) = -3*j**2 + 722*j - 4266. Determine g(6).
-42
Let d(f) = -20829*f - 416661. Determine d(-20).
-81
Let u(z) = 162*z + 9080. Give u(-60).
-640
Let o(w) = -410154*w - 2050779. Determine o(-5).
-9
Let z(q) = -q**3 - 4*q**2 + 1596098*q + 6384393. Determine z(-4).
1
Let i(p) = -3*p**2 + 718*p + 11171. What is i(254)?
-5
Let u(h) = 6*h**2 + 356*h + 1804. Determine u(-5).
174
Let d(z) = -z**3 + 523*z**2 + 24877*z - 3175. Calculate d(-44).
-51
Let q(l) = l**2 - 17210*l + 86062. Calculate q(5).
37
Let b(r) = -42*r**2 + 5084*r - 24591. Give b(116).
1
Let y(m) = 11*m**2 - 61*m + 201. Determine y(3).
117
Let k(r) = -10086*r - 4145366. Give k(-411).
-20
Let n(c) = 18020*c - 10929. What is n(1)?
7091
Let i(g) = 17793*g - 53502. Determine i(3).
-123
Let g(z) = z**3 + 188*z**2 - 1774*z - 42. Calculate g(9).
-51
Let i(g) = -g**2 + 3725*g + 63535. What is i(-17)?
-79
Let n(b) = 2*b**3 - 70*b**2 + 591*b - 530. Calculate n(23).
367
Let h(v) = -4*v**2 + 2282*v - 24512. Give h(11).
106
Let g(q) = -345*q**2 + 2747*q - 87. What is g(8)?
-191
Let u(a) = -36*a - 649. Give u(-17).
-37
Let b(j) = j**2 + 54048*j + 16. What is b(0)?
16
Let f(l) = -334*l + 43551. What is f(130)?
131
Let p(a) = 2*a**3 - 77*a**2 + 594*a - 72. Determine p(28).
96
Let j(n) = -2530*n - 118832. Calculate j(-47).
78
Let l(i) = 2*i**3 - 5*i**2 - 4558*i - 74. Determine l(49).
-123
Let l(y) = -3*y**2 + 7116*y - 355105. Give l(51).
8
Let z(o) = -o**3 + 214*o**2 - 4754*o + 5476. Determine z(189).
-5
Let j(i) = 2*i**2 - 7169*i + 156707. Calculate j(22).
-43
Let w(u) = 8*u**2 + 336*u + 153. Give w(-9).
-2223
Let v(i) = -i**3 - 8*i**2 + 128*i + 1006. Give v(-11).
-39
Let f(t) = 2*t**3 - 13*t**2 - 95*t + 11. Calculate f(9).
-439
Let g(i) = 182*i - 1016. Determine g(18).
2260
Let y(c) = -c**3 - 72*c**2 + 324*c + 1447. Calculate y(-76).
-73
Let i(x) = -45*x**2 + 284*x + 121. Give i(6).
205
Let u(l) = 4236*l + 135553. Give u(-32).
1
Let l(o) = 31*o**2 + 380*o - 2325. Calculate l(7).
1854
Let u(l) = l**2 + 286*l + 20639. Calculate u(-182).
1711
Let b(c) = -104218*c - 6357266. Determine b(-61).
32
Let d(t) = -t**3 - 30*t**2 + 30*t - 4. Give d(-31).
27
Let s(d) = 46401*d - 1345642. Give s(29).
-13
Let g(w) = -w**3 + w**2 + 112*w + 12. Calculate g(0).
12
Let w(c) = 2*c**3 + 10*c**2 - 20*c + 120. What is w(4)?
328
Let l(m) = -m**3 - 2984*m**2 + 11950*m + 14. Calculate l(4).
6
Let r(l) = 2*l**3 - 14*l**2 + 116*l - 1192. Calculate r(9).
176
Let j(z) = -4*z**2 - 1419*z - 49258. Calculate j(-39).
-1
Let m(f) = f**2 - 2583*f - 538728. What is m(-194)?
10
Let i(u) = 1773*u - 808483. Calculate i(456).
5
Let s(i) = 2*i**3 - 96*i**2 - 244*i - 3104. Give s(51).
58
Let v(l) = -21*l**3 + 190*l**2 - 5*l - 210. Calculate v(9).
-174
Let v(j) = 2*j**2 + 31011*j + 216978. Calculate v(-7).
-1
Let u(g) = -g**3 - 119*g**2 + 246*g + 14978. What is u(-120)?
-142
Let c(s) = s**3 - 3965*s**2 - 47724*s - 21. What is c(-12)?
-21
Let x(h) = 44277*h + 265648. Calculate x(-6).
-14
Let q(c) = 7575*c + 325744. What is q(-43)?
19
Let j(x) = -9*x**3 + 483*x - 955. Give j(2).
-61
Let x(z) = -4*z**3 + 90*z**2 + 1027*z - 22563. What is x(23)?
0
Let g(i) = 12*i**3 - 39*i**2 - 57*i + 4. What is g(-2)?
-134
Let p(x) = 1941*x - 283379. Determine p(146).
7
Let m(y) = 60*y**2 - 3648*y + 18218. Calculate m(5).
1478
Let k(s) = -3*s**3 + 52*s**2 - 25*s + 323. Determine k(13).
2195
Let w(a) = -a**3 - 396*a**2 - 5703*a + 170. Give w(-15).
-10
Let p(o) = 531*o**2 + 2692*o + 322. Calculate p(-5).
137
Let j(z) = 13*z**2 - 59*z + 20. What is j(4)?
-8
Let i(m) = 2143*m**2 - 17198*m + 430. What is i(8)?
-2
Let v(t) = t**2 - 22202*t - 133257. Calculate v(-6).
-9
Let r(n) = 58*n**2 + 1377*n - 62. Determine r(-24).
298
Let p(d) = -210*d**2 - 2421*d + 1198. What is p(-12)?
10
Let a(b) = 1366*b - 208765. Determine a(153).
233
Let z(f) = f**3 + 52*f**2 - 308*f - 1308. Give z(-57).
3
Let d(t) = -8*t**2 - 4163*t + 8339. What is d(2)?
-19
Let t(w) = 2*w**3 - 3*w**2 + 252*w - 969. Give t(4).
119
Let u(c) = c**3 + 23*c**2 + 782*c - 12724. What is u(11)?
-8
Let x(v) = 2*v**3 + 28*v**2 - 1814*v - 26758. Calculate x(-15).
2
Let y(z) = -198*z**2 - 3992*z + 380. What is y(-20)?
1020
Let c(u) = -2*u**2 + 212*u + 5843. Calculate c(129).
-91
Let f(z) = -3*z**2 - 17*z - 9. What is f(-21)?
-975
Let l(i) = 2*i**3 + 44*i**2 + 77*i - 151. Give l(-20).
-91
Let p(z) = 2602*z - 286285. Give p(110).
-65
Let t(o) = 22*o**2 + 1924*o - 373. Calculate t(-88).
683
Let a(h) = -h**2 + 109*h + 2287. Calculate a(-16).
287
Let k(m) = -m**3 - 180*m**2 - 3412*m + 31245. Determine k(-157).
2
Let t(s) = -s**2 - 91713*s + 825505. Calculate t(9).
7
Let g(u) = 192*u - 926. Determine g(3).
-350
Let a(i) = 2*i**3 + 77*i**2 + 185*i - 87. What is a(-36)?
-267
Let l(y) = 1201*y + 274041. Calculate l(-228).
213
Let z(a) = -27*a**3 - 777*a**2 + 180*a + 311. What is z(-29)?
137
Let x(c) = 80003*c - 59. Give x(0).
-59
Let m(r) = 31*r**3 - 4088*r**2 - 501*r - 3567. What is m(132)?
-3
Let b(p) = -435*p + 7123. Give b(18).
-707
Let q(y) = 14363*y + 9120512. What is q(-635)?
7
Let g(o) = -44*o**2 + 709*o + 122. What is g(20)?
-3298
Let w(q) = -632*q**2 - 508*q - 509. Calculate w(-1).
-633
Let s(a) = -310*a + 1690. Determine s(7).
-480
Let t(c) = -c**2 - 1293*c - 150188. Give t(-129).
-32
Let d(c) = -5075*c - 10535. Calculate d(-2).
-385
Let o(l) = -718669*l + 31621434. Give o(44).
-2
Let o(j) = -2*j**2 + 171*j - 2622. Determine o(20).
-2
Let r(b) = -491*b**2 - 30937*b - 256. Determine r(-63).
-4
Let q(s) = -s**2 - 117*s + 3013. Give q(24).
-371
Let s(f) = -6*f**2 - 610*f + 827. What is s(-104)?
-629
Let g(x) = 23*x - 4402. Determine g(142).
-1136
Let r(z) = 166*z**3 - 40*z**2 - 7*z + 36. Determine r(-1).
-163
Let y(h) = 27*h**2 + 118*h - 657. What is y(6)?
1023
Let d(a) = -a**3 + 161*a**2 - 158*a - 2224. Give d(160).
-1904
Let t(o) = 4*o - 9. Give t(163).
643
Let z(r) = -r**2 - 1291*r - 54444. Give z(-44).
424
Let y(m) = m**3 + 103*m**2 - 2012*m + 6545. Calculate y(13).
-7
Let t(w) = -5*w**3 + 17*w**2 + 6*w - 1. Calculate t(3).
35
Let u(q) = 2*q**3 - 267*q**2 + 1137*q + 3108. Calculate u(129).
12
Let h(v) = -35*v**2 - 9542*v + 13137. Give h(-274).
-15
Let y(n) = n**3 + 98*n**2 - 1944*n + 1265. Determine y(-115).
0
Let n(c) = -c**3 + 4*c**2 + 776*c - 434. Give n(-26).
-330
Let y(s) = 377*s**2 + 35066*s + 497. What is y(-93)?
32
Let u(a) = 51*a - 2726. What is u(55)?
79
Let y(q) = 2600*q + 59806. What is y(-23)?
6
Let h(z) = -23*z**2 - 72*z - 12. Give h(0).
-12
Let c(y) = 1216*y + 15856. What is c(-13)?
48
Let v(j) = -j**3 + 8*j**2 - 295*j - 626. Give v(-2).
4
Let w(z) = -z**3 - 42*z**2 - 65*z + 267. What is w(-39)?
-1761
Let i(y) = -y**2 + 187*y - 7435. What is i(99)?
1277
Let g(q) = -327*q**3 + 10464*q**2 + 16*q - 478. What is g(32)?
34
Let j(q) = -655*q - 7833. Calculate j(-12).
27
Let t(s) = -1453*s + 649. Calculate t(0).
649
Let z(t) = -490021*t + 48022052. Determine z(98).
-6
Let b(w) = 537*w + 4738. Give b(-9).
-95
Let y(r) = 2*r**2 - 212*r + 2295. Calculate y(93).
-123
Let c(j) = j**2 + 753*j - 34222. Determine c(43).
6
Let n(i) = 54*i**3 - 24*i**2 + 147*i - 68. Give n(4).
3592
Let i(w) = w**3 - 49*w**2 - 638*w - 1188. Give i(60).
132
Let l(s) = -130739*s - 522986. Determine l(-4).
-30
Let a(z) = z**3 - 6*z**2 + 85*z - 444. Calculate a(14).
2314
Let s(k) = -2*k**3 - 184*k**2 - 2311*k - 1789. What is s(-14)?
-11
Let q(w) = -w**2 - 2294*w + 34540. Determine q(15).
-95
Let m(k) = -15*k**3 - 8*k**2 + 26*k - 23. Determine m(2).
-123
